6)/s - (-1)/(-4)?
8
Let d(v) be the second derivative of -v**3/6 + 5*v**2 - 3*v. Let x(a) = -a**3 + 3*a**2 - 2*a - 1. Let l be x(3). What is the tens digit of d(l)?
1
Let n(z) be the first derivative of -z**2 - 4*z + 1. Let b be n(-4). Suppose -2*l + b = 0, -3*h + 19 = 2*h + 2*l. What is the units digit of h?
3
Suppose -2*s + 6 + 2 = 0, 0 = -2*x + s - 18. Suppose -14 = -2*g - 4*p, -3*p - p + 13 = g. Let u = g - x. What is the units digit of u?
8
Let y(b) = b**2 - 10*b - 7. What is the units digit of y(12)?
7
Let h = 0 - -5. Suppose -4 = -h*t + 6. What is the units digit of t?
2
Let x = -1 + 6. Suppose -2*v - h = -70, -116 = -x*v + v + 4*h. What is the units digit of v?
3
Let p be (1/(-2))/((-1)/14). Suppose r - i = 9, 4*r + i - 4 - p = 0. What is the units digit of r - 1 - (1 + -1)?
3
Let o = -84 - -138. What is the tens digit of o?
5
What is the units digit of 833/21 + (-2)/3?
9
Suppose -p - 50 = -3*p. Let c = -4 + p. Suppose t = -2*t + c. What is the units digit of t?
7
Let n(a) = a - 3. What is the units digit of n(6)?
3
Let n = 7 - 2. Suppose 0 = -5*a + 2*c - 95, -n*c + 5 = a - 3. Let m = -10 - a. What is the units digit of m?
7
Let h(t) = t**3 - t**2. Let b be h(4). Suppose -2*l - 5*x + b = -4*x, 0 = 4*l - 2*x - 80. What is the units digit of l?
2
Suppose 114 = 2*k - 3*q, -4*k + q + q + 220 = 0. What is the tens digit of k?
5
Suppose -3*h + 0*a = -a - 10, 4*a + 19 = 5*h. What is the units digit of h?
3
Let j = -15 + 19. Suppose -3*q - 2*q = j*v - 219, 0 = -v - 4. What is the units digit of q?
7
Let u(j) = j**2 + 5*j + 4. Let v be u(-4). Let d(q) = v*q + 3*q - q. What is the units digit of d(4)?
8
Suppose -8 = -2*q + 3*y + y, q = 4*y + 8. Let r = 6 + q. What is the units digit of r?
6
Let d = -5 - -11. Let z(x) be the third derivative of -x**4/24 + 7*x**3/3 - 5*x**2. What is the units digit of z(d)?
8
Let t(s) = s**3 - 6*s**2 - 6*s + 10. Let j(p) = 2*p - 5. Let r be j(6). What is the units digit of t(r)?
7
Suppose -4*r = s - 35, -70 = -2*s - 6*r + 3*r. Suppose 0 = -4*t - f + s, 3*f - 21 = -2*t + 6*f. Let x = 15 - t. What is the units digit of x?
6
Let m(n) = 4*n**3 - n**2 + n - 5. Suppose 2*w = -2 - 2. Let s(p) = -3*p**3 + 4. Let y(d) = w*m(d) - 3*s(d). What is the tens digit of y(2)?
1
Suppose -94 = -x + 5*s, -5*x + 401 = s - 3*s. What is the tens digit of x?
7
Let h(a) = a**3 + 8*a**2 + a + 10. Let k be h(-8). Suppose -k*n + 4*r = 0, n + 0*r + r - 15 = 0. What is the tens digit of n?
1
Suppose -16*l + 15*l + 85 = 0. What is the tens digit of l?
8
Let y = 193 + -127. What is the units digit of y?
6
Suppose 0 = 3*y - 1 + 4, h + 2*y = -5. Let i = h - -8. What is the units digit of i?
5
Suppose -4*c + 1805 = 569. What is the tens digit of c?
0
Suppose -198 = 4*h - 7*h. What is the units digit of h?
6
Let x(b) = 2*b**3 + b**2 - 1. Let p be x(1). Suppose 28 = p*f + 2*f. What is the units digit of f?
7
What is the units digit of (55 - -1) + 2 - 2?
6
Let a be (3/4)/(5/40). Suppose 11*p - a*p = 0. Let x = p + 15. What is the units digit of x?
5
Suppose x + 3 = -0*x. What is the units digit of ((-1)/x)/(4/12)?
1
Suppose -r - 2*r = -267. What is the tens digit of r?
8
What is the hundreds digit of -6*(-2)/6*61?
1
Suppose -4*s + s = -54. What is the tens digit of s?
1
Let k = -56 + 82. What is the units digit of k?
6
Let s(p) be the first derivative of 1 + p - 1/2*p**2. What is the units digit of s(-5)?
6
Let j = 0 - -2. Suppose 0*y = j*y - 30. Suppose 4*u - 2*q = 28, -2*u + y = -3*u - 5*q. What is the units digit of u?
5
Let r = 16 - 17. What is the units digit of -2*(r + 58/(-4))?
1
Let v be ((-18)/(-3))/3*8. Suppose -4*z - v = -4*w, -3*w + w = 3*z + 2. What is the units digit of w?
2
Let n be -5 + (-2)/(2/3). Let o = n - -14. What is the units digit of o?
6
Suppose 0 = 2*y + 3*y - 250. What is the units digit of y?
0
Suppose 5*j - 28 = 4*g - 188, 0 = -3*g - 3*j + 93. Suppose 3*f = 2*k + 23, 2*f + g = 5*f - 5*k. Suppose -25 = -f*c + 45. What is the units digit of c?
4
Let u(t) = t**2 + 8*t + 6. Let q(a) = 3*a**2 + 17*a + 11. Let y(h) = 2*q(h) - 5*u(h). Let r be y(6). Let x = r - -13. What is the units digit of x?
5
Let b = -1 - -15. What is the units digit of b?
4
Suppose v = -3*v - 28. Let z = v - -10. Suppose 24 = 3*y + c, -6*c = z*y - 2*c - 15. What is the units digit of y?
9
Let a = -13 + 23. Suppose -5*j + a = 5*s, s + 2*j - 2 + 3 = 0. What is the units digit of s?
5
Let w = 1 + 0. Let h be 1 - w/(3/(-12)). Suppose j + 34 = h*o, 4*o - 9 = 4*j + 15. What is the units digit of o?
7
Suppose i = -k + 192, -6*k + i + 972 = -k. What is the units digit of k?
4
Let a(c) = -13*c**3 + c**2 - c + 1. Let w be a(1). Let q = -6 - w. What is the units digit of q?
6
Suppose 3*m = -2*m. Let c be m/(-2)*3/6. Suppose 2*l + 6 = 0, -j - l + 5*l + 20 = c. What is the units digit of j?
8
Suppose 2*w = -w + 21. Suppose -3*y = -w*y + 8. Suppose 0 = -y*j - 3*j + 45. What is the units digit of j?
9
Let o = -7 + 25. What is the units digit of o + 0 - (5 - 2)?
5
Suppose 0 = -2*y + 14 - 6. Suppose 27 = y*n + 3. Suppose 25 = n*u - u. What is the units digit of u?
5
Let j(t) = -t**2 - 10*t - 7. Let h be j(-9). Suppose -6*m = -h*m - 200. What is the units digit of m?
0
What is the hundreds digit of (-1 - (-15)/(-6))*-42?
1
Suppose 0 = -t + 2*t - 3. Suppose -t*u + g + 0*g = -34, 2*u - 34 = -5*g. What is the units digit of u?
2
Let i = 10 - -2. What is the units digit of i?
2
Let g be 0 + 13/2*2. Let v = g - 9. Suppose v = 4*s - 0. What is the units digit of s?
1
Let b(i) = -i**3 - 9*i**2 - 10*i - 5. What is the tens digit of b(-8)?
1
Let j be (2 + 2)*(-19)/4. Let z = -13 - j. What is the units digit of z?
6
Let v(p) = 27*p**2 + 1. Let q be v(-1). Let s(m) = m**3 - 2*m**2 + m. Let z be s(1). Suppose z = x - 4*x - 2*w + q, 10 = 2*w. What is the units digit of x?
6
What is the units digit of ((-84)/(-9))/(1/6)?
6
Suppose 462 + 1154 = 8*c. What is the units digit of c?
2
Let m be -1 - 1*1/(-1). Suppose 5*k + 60 = 4*n, -5*n + m*k = -2*k - 58. What is the tens digit of n?
1
Suppose -3*z + 40 - 16 = 0. What is the units digit of z?
8
Suppose 0 = -2*h - h - 3. Let a = h - -1. Let q = a + 5. What is the units digit of q?
5
Let o = -7 + 5. Let n(x) = -x**3 - 2*x - 2. What is the tens digit of n(o)?
1
Let h(g) = -g**3 + 10*g**2 - 2*g + 6. What is the units digit of h(4)?
4
Suppose -i - 21*y = -18*y - 285, 4*y = 2*i - 540. What is the units digit of i?
6
Let t be (-344)/(-32) + (-2)/(-8). Let r = t + -5. What is the units digit of r?
6
What is the units digit of (-7 - -13)*357/6?
7
Let o(w) = -14*w - 3. What is the tens digit of o(-5)?
6
Suppose z = -z - 8, 0 = 5*o - 5*z - 100. What is the tens digit of o?
1
Suppose 4*f - 416 = 4*y, 5*f + 5*y = -0*f + 560. What is the tens digit of ((-1)/(-2))/(3/f)?
1
Let x(j) = -j**3 + 4*j**2 + 5*j - 5. Let w be x(4). Suppose 5*t + 0*t = w. Suppose -2*h - p - p - 2 = 0, 4*h - t*p = 17. What is the units digit of h?
2
Let p(w) = -w**2 - 7*w - 9. Let j = 13 - 19. Let u be p(j). Let i(a) = a**3 + 4*a**2 + 3*a + 3. What is the units digit of i(u)?
3
Let l = -7 - -49. What is the tens digit of l?
4
Suppose 0 = v - 3 + 1. Let z be v/((-3)/(30/(-4))). Let p = 8 - z. What is the units digit of p?
3
What is the tens digit of (-6)/(-3)*(-63)/(-6)?
2
Let u = 268 + -92. What is the units digit of u?
6
Suppose 3*x = -5*d + 18, -5*x - 9 - 1 = -5*d. What is the units digit of 7 + 1 - (-3 + d)?
8
Let p(v) be the third derivative of -11*v**4/24 + v**3/2 + 4*v**2. What is the units digit of p(-2)?
5
Let t(y) = 2*y**3 - 7*y**2 - 11*y. Let w(v) = -3*v**3 + 15*v**2 + 22*v. Let z(k) = -5*t(k) - 3*w(k). What is the units digit of z(-9)?
8
Suppose t = 3*t - 8. Suppose -5 = -5*q + 5*s, t*q - 13 = -0*q + s. Let k = q + -2. What is the units digit of k?
2
Let j = 10 - 7. Suppose 0 = m + j - 5. What is the units digit of m?
2
Let q(k) = k**3 - 19*k**2 + 38. What is the units digit of q(19)?
8
Let i be ((-9)/(-15))/(1/10). Suppose -123 = 3*d - i*d. What is the tens digit of d?
4
Suppose u = -4*u + 25. Suppose u*h - 34 = 11. What is the units digit of h?
9
What is the tens digit of -1 + 3 + (73 - 0)?
7
Suppose 0 = 3*j - 2*z - 505 + 20, 0 = 5*j + z - 804. What is the hundreds digit of j?
1
Suppose 0 = -0*d + 3*d - 3. Let c(a) = d + a - 2 - 7 + a. What is the units digit of c(7)